[INFO] cloning repository https://github.com/MichaelZalla/cairo
[INFO] running `Command { std: "git" "-c" "credential.helper=" "-c" "credential.helper=/workspace/cargo-home/bin/git-credential-null" "clone" "--bare" "https://github.com/MichaelZalla/cairo" "/workspace/cache/git-repos/https%3A%2F%2Fgithub.com%2FMichaelZalla%2Fcairo", kill_on_drop: false }`
[INFO] [stderr] Cloning into bare repository '/workspace/cache/git-repos/https%3A%2F%2Fgithub.com%2FMichaelZalla%2Fcairo'...
[INFO] running `Command { std: "git" "rev-parse" "HEAD", kill_on_drop: false }`
[INFO] [stdout] cdd8a38ddca5520262cb14b429f53154a8897f95
[INFO] checking MichaelZalla/cairo against master#9610dfe5a9a731ced1ea4923ecbd0c57fe367898 for beta-170-4
[INFO] running `Command { std: "git" "clone" "/workspace/cache/git-repos/https%3A%2F%2Fgithub.com%2FMichaelZalla%2Fcairo" "/workspace/builds/worker-5-tc1/source", kill_on_drop: false }`
[INFO] [stderr] Cloning into '/workspace/builds/worker-5-tc1/source'...
[INFO] [stderr] done.
[INFO] validating manifest of git repo https://github.com/MichaelZalla/cairo on toolchain 9610dfe5a9a731ced1ea4923ecbd0c57fe367898
[INFO] running `Command { std: CARGO_HOME="/workspace/cargo-home" RUSTUP_HOME="/workspace/rustup-home" "/workspace/cargo-home/bin/cargo" "+9610dfe5a9a731ced1ea4923ecbd0c57fe367898" "metadata" "--manifest-path" "Cargo.toml" "--no-deps", kill_on_drop: false }`
[INFO] started tweaking git repo https://github.com/MichaelZalla/cairo
[INFO] finished tweaking git repo https://github.com/MichaelZalla/cairo
[INFO] tweaked toml for git repo https://github.com/MichaelZalla/cairo written to /workspace/builds/worker-5-tc1/source/Cargo.toml
[INFO] crate git repo https://github.com/MichaelZalla/cairo already has a lockfile, it will not be regenerated
[INFO] running `Command { std: CARGO_HOME="/workspace/cargo-home" RUSTUP_HOME="/workspace/rustup-home" "/workspace/cargo-home/bin/cargo" "+9610dfe5a9a731ced1ea4923ecbd0c57fe367898" "fetch" "--manifest-path" "Cargo.toml", kill_on_drop: false }`
[INFO] running `Command { std: "docker" "create" "-v" "/var/lib/crater-agent-workspace/builds/worker-5-tc1/target:/opt/rustwide/target:rw,Z" "-v" "/var/lib/crater-agent-workspace/builds/worker-5-tc1/source:/opt/rustwide/workdir:ro,Z" "-v" "/var/lib/crater-agent-workspace/cargo-home:/opt/rustwide/cargo-home:ro,Z" "-v" "/var/lib/crater-agent-workspace/rustup-home:/opt/rustwide/rustup-home:ro,Z" "-e" "SOURCE_DIR=/opt/rustwide/workdir" "-e" "CARGO_TARGET_DIR=/opt/rustwide/target" "-e" "CARGO_HOME=/opt/rustwide/cargo-home" "-e" "RUSTUP_HOME=/opt/rustwide/rustup-home" "-w" "/opt/rustwide/workdir" "-m" "1610612736" "--user" "0:0" "--network" "none" "ghcr.io/rust-lang/crates-build-env/linux@sha256:5ff2268d62e97bff2cde7d5815dd6ed5b47097566f13b8d0ca110b04b60e07ed" "/opt/rustwide/cargo-home/bin/cargo" "+9610dfe5a9a731ced1ea4923ecbd0c57fe367898" "metadata" "--no-deps" "--format-version=1", kill_on_drop: false }`
[INFO] [stdout] 41a60d2e7b2b4189f5c84fff9982ffe8228a40d6f95b008e87c40563b9d35209
[INFO] running `Command { std: "docker" "start" "-a" "41a60d2e7b2b4189f5c84fff9982ffe8228a40d6f95b008e87c40563b9d35209", kill_on_drop: false }`
[INFO] running `Command { std: "docker" "inspect" "41a60d2e7b2b4189f5c84fff9982ffe8228a40d6f95b008e87c40563b9d35209", kill_on_drop: false }`
[INFO] running `Command { std: "docker" "rm" "-f" "41a60d2e7b2b4189f5c84fff9982ffe8228a40d6f95b008e87c40563b9d35209", kill_on_drop: false }`
[INFO] [stdout] 41a60d2e7b2b4189f5c84fff9982ffe8228a40d6f95b008e87c40563b9d35209
[INFO] running `Command { std: "docker" "create" "-v" "/var/lib/crater-agent-workspace/builds/worker-5-tc1/target:/opt/rustwide/target:rw,Z" "-v" "/var/lib/crater-agent-workspace/builds/worker-5-tc1/source:/opt/rustwide/workdir:ro,Z" "-v" "/var/lib/crater-agent-workspace/cargo-home:/opt/rustwide/cargo-home:ro,Z" "-v" "/var/lib/crater-agent-workspace/rustup-home:/opt/rustwide/rustup-home:ro,Z" "-e" "SOURCE_DIR=/opt/rustwide/workdir" "-e" "CARGO_TARGET_DIR=/opt/rustwide/target" "-e" "CARGO_INCREMENTAL=0" "-e" "RUST_BACKTRACE=full" "-e" "RUSTFLAGS=--cap-lints=forbid" "-e" "RUSTDOCFLAGS=--cap-lints=forbid" "-e" "CARGO_HOME=/opt/rustwide/cargo-home" "-e" "RUSTUP_HOME=/opt/rustwide/rustup-home" "-w" "/opt/rustwide/workdir" "-m" "1610612736" "--user" "0:0" "--network" "none" "ghcr.io/rust-lang/crates-build-env/linux@sha256:5ff2268d62e97bff2cde7d5815dd6ed5b47097566f13b8d0ca110b04b60e07ed" "/opt/rustwide/cargo-home/bin/cargo" "+9610dfe5a9a731ced1ea4923ecbd0c57fe367898" "check" "--frozen" "--all" "--all-targets" "--message-format=json", kill_on_drop: false }`
[INFO] [stdout] d40a1ead47b1623aae553d1737b33fec4da4d77afb9df78d487e7005d1e8b208
[INFO] running `Command { std: "docker" "start" "-a" "d40a1ead47b1623aae553d1737b33fec4da4d77afb9df78d487e7005d1e8b208", kill_on_drop: false }`
[INFO] [stderr]    Compiling libc v0.2.126
[INFO] [stderr]    Compiling version-compare v0.1.0
[INFO] [stderr]     Checking cfg-if v1.0.0
[INFO] [stderr]    Compiling sdl2 v0.35.2
[INFO] [stderr]     Checking ppv-lite86 v0.2.16
[INFO] [stderr]     Checking bitflags v1.3.2
[INFO] [stderr]     Checking lazy_static v1.4.0
[INFO] [stderr]     Checking bytemuck v1.10.0
[INFO] [stderr]    Compiling sdl2-sys v0.35.2
[INFO] [stderr]     Checking getrandom v0.2.7
[INFO] [stderr]     Checking rand v0.4.6
[INFO] [stderr]     Checking rand_core v0.6.3
[INFO] [stderr]     Checking rand_chacha v0.3.1
[INFO] [stderr]     Checking rand v0.8.5
[INFO] [stderr]     Checking rand v0.3.23
[INFO] [stderr]     Checking libmath v0.2.1
[INFO] [stderr]     Checking cairo v0.1.0 (/opt/rustwide/workdir)
[INFO] [stdout] error[E0425]: cannot find value `SKY_BOX` in module `color`
[INFO] [stdout]   --> src/lib/pipeline/mod.rs:92:37
[INFO] [stdout]    |
[INFO] [stdout] 92 |         self.graphics.buffer.clear(color::SKY_BOX);
[INFO] [stdout]    |                                           ^^^^^^^ not found in `color`
[INFO] [stdout] 
[INFO] [stdout] 
[INFO] [stdout] error[E0425]: cannot find value `SKY_BOX` in module `color`
[INFO] [stdout]   --> src/effects/default_effect.rs:61:26
[INFO] [stdout]    |
[INFO] [stdout] 61 |             fog_color_vec: color::SKY_BOX.to_vec3(),
[INFO] [stdout]    |                                   ^^^^^^^ not found in `color`
[INFO] [stdout] 
[INFO] [stdout] 
[INFO] [stdout] error[E0425]: cannot find value `v` in this scope
[INFO] [stdout]    --> src/effects/default_effect.rs:229:11
[INFO] [stdout]     |
[INFO] [stdout] 229 |         out.c = v.c.clone();
[INFO] [stdout]     |                 ^ not found in this scope
[INFO] [stdout] 
[INFO] [stdout] 
[INFO] [stdout] error[E0425]: cannot find value `entity` in this scope
[INFO] [stdout]    --> src/scenes/default_scene.rs:139:22
[INFO] [stdout]     |
[INFO] [stdout] 139 |             Mat4::translation(entity.position);
[INFO] [stdout]     |                               ^^^^^^ not found in this scope
[INFO] [stdout] 
[INFO] [stdout] 
[INFO] [stdout] warning: found module declaration for lib.rs
[INFO] [stdout]   --> src/main.rs:19:1
[INFO] [stdout]    |
[INFO] [stdout] 19 | mod lib;
[INFO] [stdout]    | ^^^^^^^^
[INFO] [stdout]    |
[INFO] [stdout]    = note: lib.rs is the root of this crate's library target
[INFO] [stdout]    = help: to refer to it from other targets, use the library's name as the path
[INFO] [stdout]    = note: `#[warn(special_module_name)]` on by default
[INFO] [stdout] 
[INFO] [stdout] 
[INFO] [stdout] error[E0425]: cannot find value `SKY_BOX` in module `color`
[INFO] [stdout]   --> src/lib/pipeline/mod.rs:92:37
[INFO] [stdout]    |
[INFO] [stdout] 92 |         self.graphics.buffer.clear(color::SKY_BOX);
[INFO] [stdout]    |                                           ^^^^^^^ not found in `color`
[INFO] [stdout] 
[INFO] [stdout] 
[INFO] [stdout] error[E0425]: cannot find value `SKY_BOX` in module `color`
[INFO] [stdout]   --> src/effects/default_effect.rs:61:26
[INFO] [stdout]    |
[INFO] [stdout] 61 |             fog_color_vec: color::SKY_BOX.to_vec3(),
[INFO] [stdout]    |                                   ^^^^^^^ not found in `color`
[INFO] [stdout] 
[INFO] [stdout] 
[INFO] [stdout] error[E0425]: cannot find value `v` in this scope
[INFO] [stdout]    --> src/effects/default_effect.rs:229:11
[INFO] [stdout]     |
[INFO] [stdout] 229 |         out.c = v.c.clone();
[INFO] [stdout]     |                 ^ not found in this scope
[INFO] [stdout] 
[INFO] [stdout] 
[INFO] [stdout] error[E0425]: cannot find value `entity` in this scope
[INFO] [stdout]    --> src/scenes/default_scene.rs:139:22
[INFO] [stdout]     |
[INFO] [stdout] 139 |             Mat4::translation(entity.position);
[INFO] [stdout]     |                               ^^^^^^ not found in this scope
[INFO] [stdout] 
[INFO] [stdout] 
[INFO] [stdout] warning: found module declaration for lib.rs
[INFO] [stdout]   --> src/main.rs:19:1
[INFO] [stdout]    |
[INFO] [stdout] 19 | mod lib;
[INFO] [stdout]    | ^^^^^^^^
[INFO] [stdout]    |
[INFO] [stdout]    = note: lib.rs is the root of this crate's library target
[INFO] [stdout]    = help: to refer to it from other targets, use the library's name as the path
[INFO] [stdout]    = note: `#[warn(special_module_name)]` on by default
[INFO] [stdout] 
[INFO] [stdout] 
[INFO] [stdout] error[E0308]: mismatched types
[INFO] [stdout]    --> src/scenes/default_scene.rs:181:5
[INFO] [stdout]     |
[INFO] [stdout] 176 |             DefaultEffect::new(
[INFO] [stdout]     |             ------------------ arguments to this function are incorrect
[INFO] [stdout] ...
[INFO] [stdout] 181 |                 diffuse_light_direction,
[INFO] [stdout]     |                 ^^^^^^^^^^^^^^^^^^^^^^^ expected `Vec4`, found `Vec3`
[INFO] [stdout]     |
[INFO] [stdout] note: associated function defined here
[INFO] [stdout]    --> src/effects/default_effect.rs:35:9
[INFO] [stdout]     |
[INFO] [stdout] 35  |     pub fn new(
[INFO] [stdout]     |            ^^^
[INFO] [stdout] ...
[INFO] [stdout] 40  |         diffuse_light_direction: Vec4,
[INFO] [stdout]     |         -----------------------------
[INFO] [stdout] 
[INFO] [stdout] 
[INFO] [stdout] error[E0308]: mismatched types
[INFO] [stdout]    --> src/scenes/default_scene.rs:181:5
[INFO] [stdout]     |
[INFO] [stdout] 176 |             DefaultEffect::new(
[INFO] [stdout]     |             ------------------ arguments to this function are incorrect
[INFO] [stdout] ...
[INFO] [stdout] 181 |                 diffuse_light_direction,
[INFO] [stdout]     |                 ^^^^^^^^^^^^^^^^^^^^^^^ expected `Vec4`, found `Vec3`
[INFO] [stdout]     |
[INFO] [stdout] note: associated function defined here
[INFO] [stdout]    --> src/effects/default_effect.rs:35:9
[INFO] [stdout]     |
[INFO] [stdout] 35  |     pub fn new(
[INFO] [stdout]     |            ^^^
[INFO] [stdout] ...
[INFO] [stdout] 40  |         diffuse_light_direction: Vec4,
[INFO] [stdout]     |         -----------------------------
[INFO] [stdout] 
[INFO] [stdout] 
[INFO] [stdout] error: aborting due to 5 previous errors; 1 warning emitted
[INFO] [stdout] 
[INFO] [stdout] 
[INFO] [stdout] Some errors have detailed explanations: E0308, E0425.
[INFO] [stdout] 
[INFO] [stdout] For more information about an error, try `rustc --explain E0308`.
[INFO] [stdout] 
[INFO] [stdout] error: aborting due to 5 previous errors; 1 warning emitted
[INFO] [stdout] 
[INFO] [stdout] 
[INFO] [stdout] Some errors have detailed explanations: E0308, E0425.
[INFO] [stdout] 
[INFO] [stdout] For more information about an error, try `rustc --explain E0308`.
[INFO] [stdout] 
[INFO] [stderr] error: could not compile `cairo` (bin "cairo") due to 6 previous errors; 1 warning emitted
[INFO] [stderr] warning: build failed, waiting for other jobs to finish...
[INFO] [stderr] error: could not compile `cairo` (bin "cairo" test) due to 6 previous errors; 1 warning emitted
[INFO] running `Command { std: "docker" "inspect" "d40a1ead47b1623aae553d1737b33fec4da4d77afb9df78d487e7005d1e8b208", kill_on_drop: false }`
[INFO] running `Command { std: "docker" "rm" "-f" "d40a1ead47b1623aae553d1737b33fec4da4d77afb9df78d487e7005d1e8b208", kill_on_drop: false }`
[INFO] [stdout] d40a1ead47b1623aae553d1737b33fec4da4d77afb9df78d487e7005d1e8b208
